mposite number?
True
Is 211777 a composite number?
False
Is 13481045 a prime number?
False
Is 24618097 a prime number?
False
Is 248126313 a prime number?
False
Is 32909 composite?
False
Is 463093 composite?
False
Is 6521407 prime?
False
Is 35864011 a composite number?
False
Is 8144291 prime?
True
Is 20611111 prime?
True
Is 17737913 composite?
True
Is 876977 composite?
True
Is 9147253 composite?
False
Is 2717017 a composite number?
True
Is 10028435 composite?
True
Is 2108479 a prime number?
False
Is 42969191 a prime number?
True
Is 2239065497 prime?
True
Is 2632337 composite?
True
Is 116922657 composite?
True
Is 469882067 a prime number?
True
Is 265229 a composite number?
True
Is 1205707 prime?
True
Is 1383787 prime?
False
Is 49552751 prime?
False
Is 1886809 composite?
False
Is 99082267 prime?
False
Is 2305271 prime?
True
Is 283909 composite?
False
Is 612176921 composite?
True
Is 1133529 a prime number?
False
Is 293943094 prime?
False
Is 298167473 prime?
False
Is 895167761 a prime number?
True
Is 13968191 a composite number?
True
Is 24809921 a prime number?
True
Is 49589 prime?
False
Is 57509537 a prime number?
False
Is 181670623 a composite number?
False
Is 14268689 composite?
False
Is 122735969 composite?
True
Is 86116739 a composite number?
False
Is 63647699 a composite number?
False
Is 677817155 a prime number?
False
Is 2224879 a prime number?
True
Is 3982117 a composite number?
False
Is 32290631 a composite number?
False
Is 22292923 prime?
False
Is 1171085 composite?
True
Is 506351 prime?
True
Is 477144179 a prime number?
True
Is 1320763 composite?
True
Is 188578217 composite?
False
Is 822739 composite?
False
Is 27691969 a prime number?
False
Is 3507103 a prime number?
False
Is 5797801 prime?
True
Is 1866547 prime?
True
Is 574397 prime?
False
Is 57983381 prime?
True
Is 535634807 composite?
False
Is 2316499 prime?
False
Is 142657 composite?
False
Is 65499619 a prime number?
True
Is 4886299 a composite number?
True
Is 24080311 a prime number?
False
Is 718368985 composite?
True
Is 405390457 prime?
True
Is 1865987 composite?
False
Is 72748911 composite?
True
Is 420607 a composite number?
True
Is 16288799 a prime number?
True
Is 49034 a composite number?
True
Is 410009 composite?
False
Is 4279559 composite?
True
Is 233175103 a prime number?
False
Is 1085423 a prime number?
False
Is 37704697 a prime number?
True
Is 1349629 composite?
True
Is 49549517 a prime number?
True
Is 60969533 prime?
True
Is 52975469 a composite number?
False
Is 2446637 prime?
False
Is 55609613 prime?
False
Is 49027679 prime?
True
Is 12846761 composite?
True
Is 25508903 composite?
True
Is 2385073 composite?
False
Is 5775929 a composite number?
False
Is 177092579 a prime number?
True
Is 737041 a composite number?
False
Is 91061 composite?
True
Is 55676623 prime?
False
Is 2237449 composite?
True
Is 4131473 a composite number?
False
Is 2973265 composite?
True
Is 500965 prime?
False
Is 219495917 a composite number?
True
Is 20950889 prime?
False
Is 108272911 a composite number?
True
Is 1097287 a composite number?
True
Is 432781 a prime number?
True
Is 4623011 a prime number?
False
Is 66183113 prime?
True
Is 38534677 composite?
False
Is 463583189 composite?
False
Is 320430521 a prime number?
False
Is 69887021 composite?
True
Is 204534074 prime?
False
Is 49146773 a prime number?
False
Is 1085002663 prime?
False
Is 32949239 a composite number?
True
Is 39938867 composite?
False
Is 5166769 a composite number?
True
Is 70018447 composite?
True
Is 27956161 prime?
True
Is 754703 a prime number?
True
Is 1286903 composite?
True
Is 676586 prime?
False
Is 158513 a composite number?
True
Is 288808313 prime?
True
Is 8589047 a composite number?
True
Is 16529561 composite?
False
Is 8316677 a prime number?
True
Is 7507601 a prime number?
False
Is 641371 prime?
True
Is 173083 a composite number?
True
Is 362129 composite?
True
Is 140699737 a prime number?
True
Is 290107 prime?
True
Is 34118309 a composite number?
False
Is 913243 a composite number?
True
Is 185769379 prime?
True
Is 9649639 a composite number?
False
Is 520705949 prime?
True
Is 28650697 composite?
True
Is 10649567 a prime number?
True
Is 1929553 a prime number?
True
Is 691309 composite?
False
Is 4407527 composite?
True
Is 1980809 a prime number?
True
Is 7069 composite?
False
Is 4027547 a composite number?
False
Is 927586897 prime?
False
Is 169606067 a prime number?
False
Is 5391937 a prime number?
True
Is 15422707 a prime number?
True
Is 56637433 prime?
False
Is 1282663 a composite number?
True
Is 4271297 a prime number?
True
Is 65354161 composite?
False
Is 939487 prime?
True
Is 498607 a composite number?
True
Is 67068607 composite?
False
Is 544937 composite?
False
Is 101904397 composite?
True
Is 40097 a composite number?
True
Is 4484189 composite?
False
Is 62921257 a composite number?
True
Is 6566171 a composite number?
False
Is 161969 a composite number?
False
Is 64792939 composite?
True
Is 245900183 a prime number?
False
Is 20423633 a composite number?
True
Is 2462063 prime?
False
Is 25306159 prime?
True
Is 7095611 composite?
False
Is 177473407 a composite number?
True
Is 502871 prime?
False
Is 51660593 composite?
True
Is 183415391 a prime number?
True
Is 8077117 a composite number?
True
Is 3189261 composite?
True
Is 97112437 prime?
False
Is 1408391 a composite number?
True
Is 993979609 prime?
False
Is 27457633 a prime number?
False
Is 50311441 a composite number?
False
Is 330064403 a prime number?
False
Is 716531 composite?
False
Is 3119957 a prime number?
True
Is 36928057 composite?
False
Is 8059277 composite?
True
Is 22825633 a composite number?
True
Is 198595849 a composite number?
False
Is 98605007 a composite number?
True
Is 20303519 a prime number?
True
Is 366956147 a composite number?
True
Is 89431 prime?
True
Is 969023 composite?
True
Is 77784481 a prime number?
True
Is 3563441 a composite number?
True
Is 24311167 prime?
False
Is 704815271 prime?
True
Is 6762799 prime?
False
Is 256211273 a prime number?
False
Is 20971477 a composite number?
True
Is 22558121 composite?
True
Is 19145593 a composite number?
False
Is 10474943 a prime number?
False
Is 25382681 a prime number?
True
Is 28008919 composite?
False
Is 8474047 a composite number?
False
Is 8045287 prime?
True
Is 104857274 prime?
False
Is 13532422 a composite number?
True
Is 293176697 a composite number?
True
Is 11273741 a prime number?
True
Is 215314087 composite?
False
Is 16054123 a prime number?
False
Is 1048537 composite?
True
Is 319639 composite?
False
Is 2436017 a composite number?
False
Is 162343 a composite number?
False
Is 279710149 a composite number?
True
Is 2029597 composite?
False
Is 32164277 prime?
False
Is 3509600051 a prime number?
True
Is 402600971 a composite number?
False
Is 2996377 prime?
True
Is 7214023 a composite number?
False
Is 92155513 composite?
False
Is 2630283 prime?
False
Is 4186753 composite?
True
Is 20328331 a composite number?
False
Is 8790037 composite?
True
Is 8715233 a composite number?
False
Is 6852355 prime?
False
Is 4314241 a composite number?
False
Is 403364497 prime?
False
Is 11593639 prime?
True
Is 1127566433 composite?
True
Is 18981097 a composite number?
True
Is 172720397 composite?
False
Is 8867857 prime?
False
Is 46025423 a prime number?
True
Is 76797251 prime?
False
Is 8999567 prime?
True
Is 30186581 a prime number?
True
Is 15736739 composite?
False
Is 12394531 a prime number?
False
Is 71515313 composite?
True
Is 47736047 a prime number?
True
Is 82531663 prime?
False
Is 81329 prime?
False
Is 3180965 a composite number?
True
Is 326549 prime?
True
Is 101538746 a prime number?
False
Is 1954789 a composite number?
True
Is 50403461 composite?
False
Is 3313131 prime?
False
Is 5597497 a prime number?
True
Is 9228721 a composite number?
True
Is 150792199 composite?
True
Is 111110887 composite?
True
Is 64793531 composite?
True
Is 1375273 prime?
False
Is 94057363 composite?
False
Is 6676001 prime?
True
Is 370959377 a composite number?
False
Is 3990313 a prime number?
False
Is 325709 a prime number?
True
Is 354296533 prime?
True
Is 387388613 prime?
False
Is 1695229 a composite number?
True
Is 3865063 a prime number?
True
Is 323320247 composite?
False
Is 96560999 a prime number?
True
Is 16531597 composite?
False
Is 1786049 prime?